5 = 2*f, 0 = -4*o + 8. Calculate the highest common divisor of f and 35.
35
Suppose 3*y - 4*l + 4 = 0, -5*y + 8 + 8 = -l. What is the highest common factor of y and 12?
4
Let r(a) = -7 + 0*a + a + 1. Let m be r(7). Let q be (-1)/(-1) - (m + -45). Calculate the highest common divisor of q and 5.
5
Let t be -4 - (-12 - (-1 - 2)). Calculate the greatest common factor of t and 25.
5
Suppose -2*h + 4*m = -24, -5*h = 2*m - 7*m - 80. Suppose 0 = 5*k, 0*k + 2*k = 2*t + 8. Let u be 17/2 + 2/t. Calculate the highest common factor of h and u.
4
Let p = -55 - -137. Suppose p = 3*h + 4. What is the greatest common divisor of h and 65?
13
Suppose 32*g - 55 = 31*g. What is the highest common divisor of 11 and g?
11
Let h be ((-2)/(-4))/(2/48). Let j be (-43 - 5/(-5))/(2/(-4)). What is the highest common divisor of j and h?
12
Let z be ((-132)/(-30))/((-4)/(-20)). Let l(a) = 11*a. Let o be l(1). What is the highest common factor of z and o?
11
Let b(k) be the first derivative of -k**3/3 + 72*k - 2. Let l be b(0). What is the highest common divisor of l and 18?
18
Let k(c) = 10*c - 4. Let h be 2*(-1)/2*0. Let u(r) = -r + 6. Let z be u(h). Let y be k(z). What is the greatest common divisor of y and 8?
8
Let w be (-1)/4 - (-458)/8. Let q = 4 + -4. Let b be (q - -4)*76/8. Calculate the greatest common factor of b and w.
19
Let d be (-1)/2 + 675/6. What is the highest common factor of 28 and d?
28
Suppose 3*k - 33 = -0*k. Suppose r + 0*r = 88. What is the highest common divisor of k and r?
11
Suppose -5*t + 533 = -4*s, s + 535 = 5*t - 4*s. Let u be (-18 - 0)*(-2)/4. Suppose -8 = 2*i, 2*i + 2 = -w + u. Calculate the highest common factor of w and t.
15
Let a(n) = -4*n**2 - 1. Let m be a(-1). Let q = m - -12. Calculate the greatest common divisor of 1 and q.
1
Let n(b) = 4*b + 0*b - 6 + 2*b. Let l be n(5). What is the highest common divisor of l and 8?
8
Let c be -3 + -2 - (-20 - -5). What is the highest common divisor of c and 80?
10
Let q(n) = 10*n**3 - 4*n**2 + n - 7. Let r(t) = -5*t**3 + 2*t**2 + 3. Let a(u) = 2*q(u) + 5*r(u). Let i be a(-1). What is the highest common factor of i and 54?
6
Suppose -3*y + 1 + 8 = 0. Suppose 379 - 16 = y*m. Calculate the greatest common factor of 11 and m.
11
Let h be (-4)/(-10)*(4 + 1). Suppose -2*b + 12 = h*b. What is the greatest common factor of b and 2?
1
Let m = -45 - -27. Let v = -8 - m. What is the highest common divisor of v and 50?
10
Suppose 4*k = -2*d - 0 - 16, -5 = -5*d - k. Let u be 140/15 + d/3. What is the highest common factor of 4 and u?
2
Suppose 2*w + 98 = 440. Let b(c) = c - 10. Let r be b(0). Let f = r + 29. Calculate the highest common divisor of f and w.
19
Let p(q) be the third derivative of q**4/12 - q**3/3 - 5*q**2. Let h be p(5). Calculate the highest common factor of h and 32.
8
Suppose 29 = 5*d - 51. Suppose 0 = -4*n + 95 + 21. Let r = 53 - n. What is the highest common factor of d and r?
8
Let v(b) = 6*b + 2. Let f be v(1). Suppose 2*z + 4 = 3*a, -2*z - 2*a = 3*z + 10. Let p be ((1 + 3)/z)/(-2). Calculate the greatest common divisor of f and p.
1
Suppose -2*y + 40 = 4*s, 6*y = 2*s + 4*y - 26. Suppose 4*m + 0*m = 0. Suppose -5*l + s + 39 = m. Calculate the greatest common factor of 1 and l.
1
Suppose -201 = -6*v + 2*v + 5*a, 5*v = 3*a + 235. Let y = 240 - v. Let d be (-3)/9 + y/12. What is the highest common factor of d and 8?
8
Suppose 0 = 5*v - 2*v - 45. What is the highest common factor of v and 6?
3
Let u(b) = 9*b - 2*b - 1 + 2*b**2 - 2*b. Let d be u(-4). Calculate the highest common divisor of 44 and d.
11
Suppose 9*w = 4*w + 130. Suppose w = 4*g + 2. Let z be 6/3*30/4. What is the greatest common divisor of g and z?
3
Let j be 0*2/(-6) - -5. Calculate the highest common divisor of 15 and j.
5
Let r(h) = h**2 + 1 + 1 - 2*h**2 - 11*h + 4*h. Let v be r(-7). Suppose 4*o - v*o - 170 = 0. Calculate the highest common divisor of 34 and o.
17
Suppose 7 = 4*q + 3*a - 6, 16 = 4*q + 4*a. Calculate the highest common divisor of q and 9.
1
Suppose 3*r + 25 = 4*s, -3*s + 3*r = -10 - 11. Suppose -5*g + 31 = -5*d - 44, -5*g - s*d + 48 = 0. Calculate the highest common divisor of g and 6.
6
Let n(c) = -7*c - 18. Let w be n(-4). Let b be (-1 - (0 + -2)) + 79. Calculate the greatest common divisor of b and w.
10
Let y = 9 + -6. Let f(x) = 5 + x**y - 5*x - 2 + 7 + 9*x**2. Let g be f(-9). What is the greatest common factor of g and 22?
11
Suppose -3*p - 2 = -8. Let u(o) = 39*o**3 + o**2 - 1. Let m be u(p). Let q be m/27 - (-1)/3. What is the highest common factor of 24 and q?
12
Let h be (-3)/2*196/(-42). Suppose 2 = s - h. Calculate the highest common divisor of s and 3.
3
Suppose -2*u + 4*u = 20. Let s be (-71 + -4)/((-6)/4). Calculate the greatest common factor of u and s.
10
Suppose 48 = 4*o + 4. What is the highest common divisor of o and 33?
11
Let j = -27 + 40. Let v(f) = -9*f - 34. Let g be v(-11). Calculate the greatest common factor of j and g.
13
Let s be (-2 - (-33)/(-6))*(-6 - -4). Suppose 5*d - d = 52. Suppose j - d = k, 4*j + j - 3*k - 69 = 0. Calculate the greatest common divisor of j and s.
15
Let o = 11 - -13. Suppose -4*q = -2*n + o, -4*q - q - 12 = 2*n. Let f = n - -13. Calculate the greatest common factor of 153 and f.
17
Let h = 4 - 0. Suppose -h*j + 20 = -2*j. Suppose 7 = 5*r - 3. Calculate the greatest common factor of r and j.
2
Let n(t) be the third derivative of -t**5/60 - t**4/3 + t**3/2 - 3*t**2. Let q be n(-6). Calculate the highest common factor of q and 45.
15
Let t(r) = 4*r**2 + 4*r. Let d be t(-6). Let p be (5/(-2))/((-2)/12). What is the highest common factor of d and p?
15
Let a(w) = -2*w**3 + w**2 + 4*w - 3. Let g be a(2). Let f = 27 + g. Calculate the highest common divisor of 4 and f.
4
Suppose 4*m = 5*z + 41, m - 5*z = -4 + 18. Let r be 54*(0 + (-4)/(-3)). Calculate the highest common divisor of r and m.
9
Suppose 0 = -4*r - 16, 5*c + 37 = r + r. Let d = c - -11. Calculate the highest common divisor of d and 2.
2
Let u be (4 + -3)*(-5)/(-1). Let a(l) = -3*l - 5 + 1 + u*l. Let g be a(3). Calculate the greatest common divisor of g and 10.
2
Suppose 26 = -4*a + 2. Let y be ((-2)/a)/(-1)*-27. What is the highest common factor of y and 72?
9
Let q = -51 + 22. Let g = 72 + q. Suppose 0 = -j + g - 1. What is the highest common factor of 6 and j?
6
Suppose 0 = 5*j - 4*j - 130. Let c = -34 - -60. Calculate the greatest common factor of c and j.
26
Let c be 12/(-6) + (263 - 0). Calculate the greatest common factor of c and 29.
29
Suppose 4*g = -4*w + w + 22, 4*g - 34 = -5*w. Calculate the highest common factor of w and 54.
6
Let s(g) = -6 - 3*g**2 - 2*g - 3*g**2 + 2 + 5*g**2. Let r be s(-5). Let d = 91 + r. What is the greatest common divisor of 24 and d?
24
Suppose 2*q - 22 = -4*j, 0*q - 4*q + 2*j + 54 = 0. Let y = -64 + -66. Let m be ((-2)/(-4) - 1)*y. Calculate the highest common factor of q and m.
13
Let a be ((-225)/(-10))/((-3)/(-4)). Suppose -4*x + 26 = 5*o, 5*o + 3 - 28 = -5*x. What is the greatest common factor of a and o?
6
Let k be -1*0/4 - -12. What is the highest common divisor of k and 132?
12
Suppose 0 = 5*u - 3*i - 45 - 15, 4*u - 55 = i. Calculate the highest common divisor of u and 150.
15
Suppose 5*l - 1145 = 5*b, 0*b - 4*b + 8 = 0. Calculate the greatest common factor of 21 and l.
21
Let g(y) = -y**3 - 6*y**2 + 3*y - 9. Let c be g(-8). Let o = -41 + c. Calculate the highest common factor of o and 6.
6
Let t = 178 + -94. Let i(h) = 2*h**2 + 3*h - 2. Let o be i(2). What is the highest common divisor of t and o?
12
Suppose -1 = -2*b + 5. Let k = 12 + -11. What is the highest common factor of b and k?
1
Let v = 10 - 1. Suppose -90 = -4*d - d. Calculate the greatest common divisor of d and v.
9
Let g(u) = u**3 + 4*u**2 + 2*u - 2. Let o be g(-2). Suppose -y = o*y + 5*b + 2, 0 = -3*y - 3*b. Let t = 3 - 1. What is the greatest common factor of t and y?
1
Let c(y) = 15*y**2 + y + 2. Let p be c(-4). Suppose 3*w + p = 1180. Suppose -r = 4*r + 5, 2*r + w = 3*u. Calculate the greatest common factor of 13 and u.
13
Let r(h) = -h**2 - 12*h + 2. Let t be r(-10). What is the highest common factor of t and 11?
11
Suppose 20 + 22 = 2*d. Calculate the highest common factor of 84 and d.
21
Suppose -2*a = -3*a + 6. Let k be (a/(-7))/((-7)/49). Calculate the highest common factor of k